 What is the remainder when g is divided by 9?
8
Let d(x) = x**2 + 63*x - 434. Calculate the remainder when 500 is divided by d(7).
52
Let y(f) = -15*f + 6. Let z(w) = w - 1. Let c(m) = -y(m) - z(m). Suppose v - 3*v = 10, 0 = 4*n + v - 7. Calculate the remainder when 219 is divided by c(n).
34
Let s be -74*2 + (0 + 3 - 5). Let r = 274 + s. Suppose -316 + r = -8*t. Calculate the remainder when 69 is divided by t.
21
Let m(v) = -7*v + 25*v**2 - 21*v**2 + 1 - 26*v. Let d = -17 - -29. Calculate the remainder when m(10) is divided by d.
11
Let g(r) = -r**3 - 12*r**2 - 22*r + 6. Suppose -3*j = k + 2*j, 0 = k + 4*j + 2. What is the remainder when -114*(0 - (-6)/(-9)) is divided by g(k)?
24
Suppose -10 = -4*k + b - 3*b, -k - b = -3. Suppose -i - k*i + 37 = 2*q, i + 4*q = -1. What is the remainder when 16/240*-426*10/(-4) is divided by i?
11
Let f(d) = -3*d**2 - 18*d + 8. Let y be f(6). Let s = -116 - y. Let n(z) = 2*z**2 + 4*z + 3. What is the remainder when s is divided by n(2)?
16
Suppose -4*j + 0*o - 3*o = -28, 0 = 4*j - o - 44. Let x(d) = -d**2 - 6*d - 16. Let s be x(-7). Let t = s - -42. Calculate the remainder when t is divided by j.
9
Suppose 0*a + 10 = 5*a, -2*a + 2 = -w. Suppose 0 = w*s + 5*z - 87, 5*s = 14*z - 11*z + 202. What is the remainder when s is divided by 22?
19
Suppose o + 526 = 2*o - 3*h, 0 = h - 1. Let m = o + -357. What is the remainder when m is divided by 25?
22
What is the remainder when 33/(198/1020) + -11 is divided by 30?
9
Suppose 41 - 9 = 4*i. Let t = 773 - 779. Calculate the remainder when (t - -608)/7 + i/2 is divided by 46.
44
Let q(j) = 22*j + 86. Let a be q(12). Suppose 4*y = 4*b - 88, 7 = b + 3*y + y. What is the remainder when a/28*28/5 is divided by b?
13
Suppose 2*a - 8 + 0 = 0, -4*a + 60 = 4*t. Suppose -8*p - 75 = -339. Let d = p + -13. What is the remainder when d is divided by t?
9
Let b(z) = -z**3 - 14*z**2 + 4*z - 30. Let l be b(-13). Let a = -107 - l. Suppose 2*n - a = -28. Calculate the remainder when n is divided by 6.
4
Calculate the remainder when (-8 - (-16)/(-3))/((6/(-2))/18) is divided by 41.
39
Let n = 829 + -839. Calculate the remainder when 217 is divided by 6/n - (-6)/((-210)/(-931)).
9
Let t(d) = d**2 - 23*d - 79. Calculate the remainder when 126 is divided by t(-5).
4
Suppose 0 = -4*r - 162 + 1086. What is the remainder when r is divided by (11/6 - 105/42)*-87?
57
Let l(u) = -10*u + 24. Let d be l(20). What is the remainder when 460 is divided by (-55)/(11/(d/40))?
20
Suppose 138 = 7*z - 37. Suppose 5*j - z = 5*y, -4*j = -y - y - 24. What is the remainder when 8 + -5 + j*7 is divided by 18?
16
Let x(c) = -c**3 - 3*c**2 - 3*c - 4. Let i be x(-3). Suppose 4*n - 16 = u, u + 9*n - 24 = i*n. Let s = 52 - 41. What is the remainder when s is divided by u?
3
Suppose -10 + 146 = 8*q. Suppose q*k - 7*k = 10. Calculate the remainder when 4 is divided by k.
0
Let x = -11573 + 13572. What is the remainder when x is divided by 69?
67
What is the remainder when -7 + (7898/(-1))/(-11) is divided by 51?
48
Let p(i) = -i + 19. Suppose -l - 17 = -4*r + 2*r, -11 = -2*l - 5*r. What is the remainder when 2/(-8) - 927/(-12) is divided by p(l)?
25
Let n = 22 - 21. Let w(f) = f**2 + 14*f - 21. Let a be w(-16). Let r = a + n. What is the remainder when 22 is divided by r?
10
Let f = 2986 - 2774. What is the remainder when f is divided by 17?
8
Let k(t) = -2*t**3 - t**2 + t - 3. Let v be k(0). Calculate the remainder when 94 is divided by 60*(v + (204/10)/6).
22
Suppose 297*x + 19492 = 308*x. Calculate the remainder when x is divided by 71.
68
Let t be (3*-1)/(1/(-36)). Suppose 0*l - 4*l - 2*z = -t, l = 5*z + 5. What is the remainder when l is divided by (-48)/(-33)*(-3487)/(-634)?
1
Let c(y) = -59*y - 114. Let h be c(-5). Suppose -p - k + h = 0, 0*k = 4*p - 2*k - 706. What is the remainder when p is divided by 45?
43
Let q(l) be the first derivative of 7 + 2*l**2 + 7 + l**2 + 45*l - 5*l**2. What is the remainder when q(-15) is divided by 27?
24
Suppose 3*a = 3*t - 180, -94 + 9 = -t - 4*a. Suppose 10*o = 14*o + y - 184, y + 41 = o. Let u = t - o. Calculate the remainder when 58 is divided by u.
18
Suppose 5*b + 39 = 3*p, -5*p + 3*b + 65 = -0*b. Calculate the remainder when 2467 is divided by p.
10
Let x = 3038 - 2932. What is the remainder when 192 is divided by x?
86
Suppose h = -2*u + 297, -10*u - 8 = -6*u. Calculate the remainder when 915 is divided by h.
12
Let t = 3988 + -3887. Calculate the remainder when t is divided by 51.
50
Suppose 169*b - 172*b + 258 = 5*t, 0 = t + 6. What is the remainder when b is divided by 22?
8
Calculate the remainder when -2*(51824/(-32) + 12) is divided by 23.
18
Let n = -32276 - -40067. Calculate the remainder when n is divided by 18.
15
Suppose 4*h + 2477 = j, 14*h + 2948 = 3*j - 4481. Calculate the remainder when j is divided by 70.
31
Let x = 20 - 9. Suppose -2*m - 44 = -g - 123, -54 = -2*m - 4*g. Suppose -27*q = -m*q + 30. What is the remainder when x is divided by q?
2
Suppose 4*r - b = 315, 90 = 115*r - 114*r - 4*b. Suppose 5*i - 216 = -3*c, 23*i - 4*c + r = 25*i. What is the remainder when i is divided by 32?
13
Suppose 14*z = 4*z + 3760. Suppose 6*v + z = -398. Let w = v - -242. What is the remainder when w is divided by 29?
26
Let h(j) = -j**3 - 10*j**2 + 150*j + 1536. Calculate the remainder when 304 is divided by h(-11).
3
Let c(r) = -92*r**3 + 45*r + 90. What is the remainder when c(-2) is divided by 254?
228
Let g(l) = l**3 - 5*l**2 - 9. Let r be g(5). Let b = 16 - r. Calculate the remainder when 56 is divided by b.
6
Let s(i) = 18*i + 62. Suppose 12*p - 7*p - 126 = -3*z, 0 = 2*z - 4*p - 84. Calculate the remainder when s(8) is divided by z.
38
Calculate the remainder when ((-128)/(-16) - (-1 - -6))*1698/9 is divided by 32.
22
Suppose 3*a + 4*k - 80 = 0, 3*a - 4*k - 6 = 34. Calculate the remainder when ((-1545)/a)/((-15)/40) is divided by 23.
22
Suppose 0 = 27*c - 126*c + 540243. Calculate the remainder when c is divided by 20.
17
Suppose 46*f + 492 = 1826. Calculate the remainder when 32 is divided by f.
3
Let o(b) = 9*b**3 - 5*b**2 + 4*b - 4. Let v be o(2). What is the remainder when 1124 is divided by (0 - 21/(-4))/(6/v)?
46
Suppose -7*s - 17 = 4. Let p be -4 - (3 + s - -3 - 8). Suppose p = -m + 3*t, -3*t - 10 = -0*m - 2*m. What is the remainder when m is divided by 3?
2
Let k be 28/42 + (2284/12 - -2). Suppose -m - i + k = 0, -165 = 2*m + 4*i - 541. What is the remainder when m is divided by 50?
48
Let n = 221 - 170. What is the remainder when 128 is divided by 2 + n/(-2 + 5)?
14
Let y = -203 + 226. Suppose 2*g = -3 + y. Calculate the remainder when 29 is divided by g.
9
Let r(m) = -158*m + 16. Let i be r(-4). Let z = -634 + i. What is the remainder when z is divided by 7?
0
Let o(b) = -4*b**2 - 107*b + 3. What is the remainder when o(-20) is divided by 32?
31
Let l(u) = -27*u + 172. Let s be l(6). Suppose 5*g = -s, -2*g + 25 + 13 = 2*p. What is the remainder when 157 is divided by p?
10
Suppose -23*w = -18*w. Suppose -12*n = -w*n - 12. Calculate the remainder when -1 + (n - -14) + 0 is divided by 8.
6
Let i = -6 - -10. Suppose -3*w + 86 = s, 4*s + 3*w - 321 = -i. What is the remainder when s is divided by 16?
13
Let h(b) = 2*b**2 - 88*b + 420. What is the remainder when 1872/28 + 1/7 is divided by h(39)?
7
Suppose 396*s + 2316 = 402*s. What is the remainder when s is divided by 98?
92
Let s(n) = n**3 - 17*n**2 - 18*n + 6. Suppose -2*g + 130 = 4*m - 188, -5 = 5*g. Calculate the remainder when m is divided by s(18).
2
Let z(h) = -h**2 + 3*h + 14. Let n be z(5). Suppose n*o = 7*o + 4*i - 378, -3*o = -i - 378. Calculate the remainder when o is divided by 16.
14
Suppose -3*y - 25 = -304. Calculate the remainder when y + 0/10 - 5 is divided by (12/(-10))/(1/(-25)).
28
What is the remainder when ((-96)/4)/((37/(-185))/(8/15)) is divided by ((-3)/2)/(12/(-176))?
20
Calculate the remainder when (-58840)/(-16)*(2 - 0) - -9 is divided by 27.
20
Suppose 3917*z - 3790595 = 3822*z. What is the remainder when z is divided by 86?
83
Suppose 9*k - 125 - 181 = 0. Suppose -k*g = -29*g - 145. Suppose 5*h = -5, 2*h + g + 11 = 2*f. What is the remainder when 73 is divided by f?
16
Let q = -8526 + 9899. Calculate the remainder when q is divided by 200.
173
Suppose -3*f + 355 = 4*a, -